8, 2*c - 2*m - 160 = 0. Suppose c = -3*k + 687. Is k prime?
False
Is 1*(-63203)/(-14)*2 composite?
False
Let a(f) be the third derivative of -f**5/60 - 17*f**4/24 + 17*f**3/6 + 3*f**2. Let b(r) = -r**2 + 2. Let q be b(-4). Is a(q) composite?
False
Let j(w) = w**2 + 6*w + 2. Let y be j(-6). Suppose 16119 = y*k + 3*k + 4*z, z + 3222 = k. Is k a composite number?
True
Let b be -71*(-1)/((-4)/(-84)). Let v = b + 440. Is v prime?
True
Let l be (-1)/(-1 + -1)*0. Let f be 12/(-1) + 0 + l. Let b = -8 - f. Is b composite?
True
Is 7871850/78 + -6 + (-4)/26 composite?
True
Suppose 228 = t + 2*t + 3*b, -20 = -4*b. Suppose 3*g = 3*v + 198, -2*g = -3*v - 60 - t. Let y = g - 36. Is y composite?
False
Let k = -13544 + 31885. Is k a composite number?
False
Suppose 2*d - 6210 = -f, -8*d + 5*d = f - 9313. Is d a composite number?
True
Suppose 36*m - 2757685 + 896809 = 0. Is m a composite number?
False
Suppose -2*g - j + 402 = 3*j, 5*g - 1040 = -3*j. Suppose 0 = 3*n - 2*b + 129 - 458, 3*b = 2*n - g. Is n composite?
False
Is 11314 + ((-125)/(-50))/(2/(-4)) a prime number?
False
Is 2/(-15) - 13211723/(-1185) composite?
False
Suppose -1083 = 9*u - 6*u. Let h = -170 - u. Is h composite?
False
Suppose -5*y + x + 128645 = 5*x, 4*y - 102912 = -4*x. Is y composite?
False
Let s(n) = -1361*n - 1. Let y be s(-2). Suppose 3*o - d = -4*d + y, -d = -3*o + 2737. Is o prime?
True
Let c(v) = 18121*v + 31. Let o be c(-5). Is o/(-30) + (-4)/30 composite?
False
Suppose 0 = u + 2*u - 15. Suppose -2*z - 137 = 4*j - z, -165 = u*j - 5*z. Is (17/j)/(1/(-20)) composite?
True
Suppose 70467 = 36*g - 9849. Is g a prime number?
False
Suppose -228 - 192 = 2*x - 2*v, 3*v - 208 = x. Is -3 + 3 + x/(-1) a prime number?
True
Let x(h) = -h**3 + 5*h**2 + 6*h - 1. Suppose 0*l + 7*l = 42. Let a be x(l). Is (0 - a) + -4 + 37 prime?
False
Is (33/12 - 2) + 43285/20 a prime number?
False
Is (-1175928)/(-72) + (-1)/((-3)/2) composite?
False
Let r(p) = 2 + 3 - 4*p + p**3 - 4*p**2 + 8*p**2. Let q be r(-5). Suppose -4*h + 247 + 925 = q. Is h a composite number?
False
Let m = -3996 + 12127. Is m prime?
False
Suppose 3*g + 2*f - 13021 = 0, -11*g + 2*f = -6*g - 21723. Is g composite?
True
Suppose 0*d = 3*d + 2*l - 583, -2*d + 387 = l. Let i = -5 - -9. Suppose -d = -3*v + i. Is v composite?
True
Let z(l) be the third derivative of l**4/24 + l**3/6 - 9*l**2. Let j be z(1). Is (3 + -142)*(-3 + j) a prime number?
True
Let l(g) = -g**3 + 6*g**2 + 6*g - 4. Let q be l(5). Suppose -6*c + q + 171 = 0. Is c prime?
True
Let u(m) = 28*m + 1. Let t be u(3). Let w = 986 + -674. Let z = w + t. Is z a composite number?
False
Let i = 408 + -155. Is i a prime number?
False
Let u(v) = 3*v**2 - 23*v + 279. Is u(26) composite?
False
Let u(z) = -z**2 - 16*z - 14. Let a be u(-15). Let x be -1 + -1 + a + -68. Let v = 53 - x. Is v a prime number?
False
Let l be (8/12)/((-8)/(-540)). Is 6039/l - 2/10 a prime number?
False
Suppose 40 = 3*b + 7*b. Is ((-1700)/12 + 1)*(-6)/b a composite number?
False
Let l(x) be the third derivative of x**5/12 - x**4/8 + 5*x**3/6 + 2*x**2. Suppose -4*q - 133 = -153. Is l(q) composite?
True
Suppose 3*a + 3*j = 12, 3*a + 10 = 5*a + 3*j. Suppose -a*n - 577 = -q + 166, -5*q = n - 3682. Is q a prime number?
False
Let l be 13/(2 - (3 - 2)). Let z = l + -10. Is z + -3 + 2 - -47 a prime number?
False
Let t(v) = 5*v**2 - 3*v + 1. Let x(n) = -5*n**2 + 4*n. Let z(h) = 6*t(h) + 5*x(h). Is z(-5) a prime number?
False
Let o(p) = 226*p**2 - 17*p + 44. Is o(3) a prime number?
True
Let t = 25 + -39. Is (-3)/21 - 324/t composite?
False
Suppose -140 = -4*d - h, h + 30 - 135 = -3*d. Let c = -1049 + 737. Let y = d - c. Is y a composite number?
False
Suppose 431 = m + r, -28*r = -2*m - 25*r + 887. Let q = 3141 + -1669. Suppose m = -4*c + q. Is c a prime number?
False
Let q = 420 + 1123. Is q composite?
False
Let h(s) = -s**2 + 9*s - 20. Let u be h(5). Suppose j - 88 - 1255 = u. Is j a composite number?
True
Let c(x) = -561*x - 322. Is c(-3) a prime number?
True
Suppose 14*o = 21*o - 12803. Is o prime?
False
Let z(q) = 173*q**3 - q**2 - 4*q - 53. Is z(6) prime?
False
Suppose 5*v - 16 = -1. Suppose -140 = v*q - 7*q. Is q prime?
False
Let o be 4/(-3) + -26*985/30. Let k = 1447 - o. Is k a composite number?
True
Let p = -18 + 24. Suppose 14855 = -p*d + 11*d. Is d prime?
True
Let y be (0/1)/(1 - 2). Suppose y = -2*n - 3*n. Suppose n*z + 435 = 3*z. Is z prime?
False
Let g(s) = -5851*s - 34. Is g(-3) a composite number?
False
Let b(k) = -k**3 - k**2 + 4*k + 422. Let x = -38 - -38. Is b(x) a prime number?
False
Suppose -5*v = 115 + 140. Suppose 0 = 8*f - 1031 - 153. Let o = v + f. Is o a composite number?
False
Suppose 2*n - 3*c + 4 = 6, -3*c = 3*n + 27. Let j(z) = 3*z**2 - 11*z - 2. Let i be j(n). Let a = i + -5. Is a prime?
False
Let c(y) = 29*y**2 + y + 2. Let f be c(3). Suppose 3*s + 23 = 17, -j + 2*s = -85. Suppose -f = -g - j. Is g a composite number?
True
Let j(b) = -3 + 0*b + 7 - 2*b. Let h be j(2). Suppose h*a - 3 = -3*a, 2*n + 3*a = 313. Is n prime?
False
Let m = -27 - -29. Suppose p = -m + 18. Suppose 17*w - 293 = p*w. Is w a prime number?
True
Suppose 0 = 2*m + 58 - 1034. Suppose -3*t = -m + 41. Is t composite?
False
Is (128/(-56))/8 - (-194539)/7 composite?
False
Let j(y) = -55*y**3 + 7*y**2 - 9*y - 8. Is j(-9) a prime number?
False
Suppose 8*b = 6*b - 984. Let k = -163 - b. Is k composite?
True
Let n(y) = y + 14. Let m be n(-11). Suppose -4*x = -0*x + 3*k - 2758, -2*x + 1382 = m*k. Suppose -x = -4*t - 124. Is t composite?
True
Let k be 1 + (-3 - (1 + -3)). Let r = 103 - k. Is r prime?
True
Let m(s) = -15*s**2 + 0 + s + 425*s**3 - 424*s**3 + 7. Is m(15) composite?
True
Suppose -2*u = -4*l - 64274, 15*l - 14*l - 64284 = -2*u. Is u prime?
True
Let v(i) = 6*i**2 - 5*i + 4. Let c be v(1). Let m(b) be the second derivative of b**5/20 - b**4/3 + 4*b**3/3 - 3*b**2 + 2*b. Is m(c) a composite number?
False
Let m(w) = w**3 - w**2 - w + 1. Let l(s) = -s + 7*s - 474*s**3 - 4 + 3*s**2 - 208*s**3 + 2. Let d(i) = l(i) + 4*m(i). Is d(-1) a composite number?
False
Let u(k) = 272*k**2 - 4*k - 15. Is u(-5) a prime number?
False
Let t be 12/(-12) - (-12)/2. Suppose -3*h + 3*o = -2*h - t, -20 = -4*h + 3*o. Suppose -493 = -h*i - 2*x, -3*x + 2*x = 4*i - 392. Is i a prime number?
True
Let b(l) = -1 + 2*l + 2*l**3 + 9*l**2 + 7*l**3 + 2*l - 2. Is b(4) composite?
False
Let k(l) = -5*l + 7. Let v be k(-6). Suppose 3*w + v = -4*o, -3*o + 2*w - 15 = -0*o. Let d = o + 74. Is d a composite number?
False
Let p(l) = 5*l + 0*l**2 + 21*l**3 - 6 + 8*l - 3*l**2 - 15*l. Let z be p(3). Let h = -334 + z. Is h a prime number?
False
Let t(i) = 54*i**2 + 4*i + 5. Let p be (-23)/8 + 2*(-3)/48. Is t(p) prime?
True
Let z(t) = 22*t**2 + t + 12. Let u be z(5). Let c = 908 - u. Is c a prime number?
False
Suppose -t + 0*t + 4 = 0. Suppose -398 = -2*j - 2*o, -6*j + t*j - 4*o = -398. Is j a composite number?
False
Let q(a) = a + 7. Let k be q(-3). Suppose -3*x + 11*l = 7*l - 341, 0 = -x + k*l + 111. Is x a prime number?
False
Let p be 16/(-40) - (-54)/(-20)*-2. Suppose -5*m = -2*m + p*y - 1595, 4*y + 2683 = 5*m. Is m a composite number?
True
Suppose 414 = -13*z + 11*z. Let u = 364 + z. Is u prime?
True
Suppose 2*l = 5 - 3. Suppose -h - 2*g = -9, -4*h - 3*g + l = -10. Is 40/(-16)*(-59 - h) prime?
False
Let w be (4 + 5/(-2) + 0)*-26. Suppose -13 = o + 5. Let b = o - w. Is b a prime number?
False
Let f = -27 + -287. Is (-3 - f)/(-2 + 3) a prime number?
True
Suppose 0*s = -5*s - 10, 0 = -3*n + 2*s + 22. Is (9/n)/(3/422) composite?
False
Let p be (-1 - 0)/((-2)/4). Is (1 - p)*(-1558 + -9) prime?
True
Let q = 3 + 3. Suppose q = -c + 3*c. Is -8 + 20 + 9/c prime?
False
Let x = 59 - 65. Is 1/2*(-2 - (-4866 - x)) prime?
False
Suppose -8 = 3*y - y. Let w be 14 - y/6*-6. Is (-424)/(-20)*w/4 a composite number?
False
Let l = -48 - -109. Suppose -l = -3*k + 53. Suppose 0 = 3*u - u - k. Is u composite?
False
Let o(y) = -y**3 - 22*y**2 + 17*y - 11. Let m be (-2 - 108/(-8))*-2. Is o(m) a composite number?
False
Suppose 5*z - 20 = -0*z, 5*n - z = 80041. Is n composite?
True
Suppose 23*k = 37*k - 10514. Is k a composite number?
False
Let v(p) = -4*p + 8. Let k be v(4). Let g = 13 + k. Suppose -g*s = -30 + 10. Is s a composite number?
True
Let z = -16 + 18. Suppose -z*g - 434 = 3*y + 125, -4